 6a4?
68c
In base 10, what is 785 - 10?
775
In base 5, what is -344041 + -2?
-344043
In base 9, what is 1 + 351281?
351282
In base 2, what is 1011110 - 10000100100011?
-10000011000101
In base 5, what is 2124011 + -2?
2124004
In base 11, what is -2aa - -2272?
1a73
In base 4, what is 1 - -10033002?
10033003
In base 12, what is 32231 + -3?
3222a
In base 16, what is -5 - 6e2?
-6e7
In base 14, what is -30 - -12b57?
12b27
In base 5, what is 210440 + -10?
210430
In base 7, what is 20242261 + -2?
20242256
In base 14, what is 5 + -5128d?
-51288
In base 5, what is -10200140 + -10?
-10200200
In base 16, what is 11 + 4ae2?
4af3
In base 14, what is 13 - -c03?
c16
In base 10, what is 21500 + -4?
21496
In base 12, what is -77623 - -5?
-7761a
In base 3, what is -102000000120 + 10?
-102000000110
In base 8, what is -1753 - 417?
-2372
In base 4, what is 20201000211 + -1?
20201000210
In base 15, what is -6 + 9?
3
In base 9, what is 33 + -240?
-206
In base 13, what is 36 - a86?
-a50
In base 3, what is -22022 - 1120?
-100212
In base 4, what is -11 + -2322121?
-2322132
In base 9, what is 48152 - -4?
48156
In base 10, what is 3189 - 15?
3174
In base 3, what is 111110110221 - -1?
111110110222
In base 14, what is -5 - 44655?
-4465a
In base 10, what is -2 - -301362?
301360
In base 5, what is 2124 - 40?
2034
In base 11, what is -155 - -1891?
1737
In base 3, what is 1220 + -10000202?
-2221212
In base 8, what is 32466 + 7?
32475
In base 2, what is -10000000110101110010110 - 0?
-10000000110101110010110
In base 16, what is 11279 - -5?
1127e
In base 6, what is -3 - 3225540?
-3225543
In base 15, what is 35a628 - -5?
35a62d
In base 2, what is -100010100 - 10100101101?
-11001000001
In base 12, what is 155 + -51?
104
In base 16, what is 1363f + 2?
13641
In base 11, what is -7a69 - 10?
-7a79
In base 14, what is -39c2c + -1?
-39c2d
In base 13, what is a + 12763?
12770
In base 3, what is -12200 + -120102?
-210002
In base 8, what is 3 + -35130?
-35125
In base 14, what is 3bb63 + -c?
3bb55
In base 6, what is -112 - -2343?
2231
In base 6, what is 0 - 334202?
-334202
In base 4, what is -22121 - -1000100?
311313
In base 3, what is -2 - 1220112020022?
-1220112020101
In base 9, what is 435 + 82?
527
In base 7, what is -21055664 - -1?
-21055663
In base 14, what is 2a3 - b79?
-8b6
In base 12, what is 162 + 1021?
1183
In base 5, what is -3223 + -2?
-3230
In base 4, what is 1203 + -32311?
-31102
In base 14, what is d09 + 7?
d12
In base 12, what is 5 - 9193?
-918a
In base 6, what is -55352 - -3?
-55345
In base 15, what is -71b63 + -2?
-71b65
In base 7, what is 6360132 - 0?
6360132
In base 5, what is -1243102 - -13?
-1243034
In base 4, what is 1303332 + 11?
1310003
In base 7, what is -4513 - 2?
-4515
In base 5, what is 32 + 1023431?
1024013
In base 8, what is -1664 - 330?
-2214
In base 5, what is 1 - 434213?
-434212
In base 7, what is 312 - -40?
352
In base 7, what is 10350 + -25?
10322
In base 2, what is 1011 - 10100100011?
-10100011000
In base 8, what is -3747 - -12?
-3735
In base 5, what is 4 - 400211040?
-400211031
In base 14, what is 67c1bd - 2?
67c1bb
In base 8, what is 4 - 475003?
-474777
In base 2, what is -10100 - -10100010111010101?
10100010111000001
In base 4, what is 20332 - 100?
20232
In base 16, what is -5a15 + 2?
-5a13
In base 10, what is 4 + 50198?
50202
In base 2, what is -1001010 - -1001011000?
1000001110
In base 5, what is 4 - -12201031?
12201040
In base 5, what is -3 - -43334243?
43334240
In base 8, what is 17675 + 63?
17760
In base 10, what is 67 - -415?
482
In base 8, what is -3571 + -567?
-4360
In base 13, what is 3733 - -245?
3978
In base 9, what is 1 + 66155?
66156
In base 10, what is -354219 + -2?
-354221
In base 3, what is -2000222 + 2112?
-1221110
In base 6, what is 2 + -1421022?
-1421020
In base 6, what is 101 + -3330?
-3225
In base 5, what is -230301010 + -4?
-230301014
In base 4, what is -300 - 30300?
-31200
In base 3, what is 221022112 - -11?
221022200
In base 4, what is 232200033 - 2?
232200031
In base 5, what is -342240 + 1?
-342234
In base 14, what is 675 + 83?
718
In base 12, what is b04 - a8?
a18
In base 6, what is -5134 - -435?
-4255
In base 15, what is -20 + -14eb0?
-14ed0
In base 12, what is 1008 - 17?
bb1
In base 3, what is -10 + 22002220?
22002210
In base 3, what is -21 - 110100220?
-110101011
In base 12, what is -43a + 6b2?
274
In base 6, what is 1135 + -522?
213
In base 5, what is 101304 + -1113?
100141
In base 8, what is -64 - 36776?
-37062
In base 15, what is 6 - -7a30?
7a36
In base 4, what is 112212203 + -12?
112212131
In base 14, what is 1 + 6bdd?
6c00
In base 14, what is 2b345 - 4?
2b341
In base 10, what is -30766 + -4?
-30770
In base 8, what is 5 - -43615?
43622
In base 12, what is 80 + -200?
-140
In base 12, what is a + -26751?
-26743
In base 5, what is -410 - -1312122?
1311212
In base 11, what is 0 - -31302?
31302
In base 4, what is -120 + -13002?
-13122
In base 9, what is 1 - 6180?
-6178
In base 5, what is -2312433 + -11?
-2312444
In base 16, what is -5 - -192ba?
192b5
In base 3, what is 1201 - 12221?
-11020
In base 2, what is 100 + 10011000001?
10011000101
In base 11, what is 1a - -252?
271
In base 4, what is -102111 - -131?
-101320
In base 6, what is 4 + -21045323?
-21045315
In base 2, what is -11 - -11110101100100011?
11110101100100000
In base 11, what is 4 + -114675?
-114671
In base 16, what is -8f97 + 1?
-8f96
In base 5, what is -42112 + 1?
-42111
In base 11, what is 5 - 762821?
-762817
In base 11, what is -3132 - 58?
-318a
In base 14, what is -2 - -a4999?
a4997
In base 8, what is 3 + 13665?
13670
In base 6, what is -223 + -34501?
-35124
In base 16, what is -196 + -361?
-4f7
In base 9, what is 1157 - -33?
1201
In base 9, what is -4 + 361653?
361648
In base 12, what is -211547 + -1?
-211548
In base 6, what is 240525152 + -4?
240525144
In base 15, what is -b0e3 + 1?
-b0e2
In base 10, what is 35 - 16691?
-16656
In base 12, what is -3 + 137453?
137450
In base 4, what is 301 - -11012?
11313
In base 7, what is -2 - 20534011?
-20534013
In base 11, what is -1 + -8591?
-8592
In base 8, what is 32 + -4763?
-4731
In base 4, what is -1 - 33022000?
-33022001
In base 5, what is 300 + -121212?
-120412
In base 15, what is -19dc - -3e?
-199d
In base 8, what is -12100 + -67?
-12167
In base 10, what is -4 + -27924?
-27928
In base 7, what is 132 - -141?
303
In base 14, what is 4237a - -4?
42380
In base 14, what is 5ca3 - 4?
5c9d
In base 4, what is -1 - 1030001?
-1030002
In base 7, what is -1 + 2134135?
2134134
In base 7, what is -12 + 224?
212
In base 10, what is 42141 - 5?
42136
In base 3, what is -10202 + -20202211?
-20220120
In base 14, what is -7 + 2cb?
2c4
In base 2, what is -1011 - -1010111111101?
1010111110010
In base 2, what is -101 - 10101100101011110101?
-10101100101011111010
In base 2, what is -101 + 10010001111110001000?
10010001111110000011
In base 13, what is 52400 - 16?
523b7
In base 13, what is a8 + -8b?
1a
In base 2, what is -1101 - -1000100000001010?
1000011111111101
In base 11, what is -96 + 166?
80
In base 14, what is -6 + -3a5b7?
-3a5bd
In base 8, what is -2222 + -64?
-2306
In base 5, what is 13223 + -3014?
10204
In base 11, what is -7a - -884?
805
In base 11, what is 3846 - -5?
3850
In base 7, what is 206550 - -212?
210062
In base 2, what is 101110 + 1000001?
1101111
In base 14, what is -191802 - 2?
-191804
In base 4, what is 232212233 - 0?
232212233
In base 13, what is -1793 + -85?
-1848
In base 13, what is 12 - 1820?
-180b
In base 4, what is 3213111 - 11?
3213100
In base 9, what is 2243 + 138?
2382
In base 13, what is 1a575 - -2?
1a577
In base 9, what is 13258 + -1?
13257
In base 14, what is -3b63aa - 2?
-3b63ac
In base 4, what is 2101023203 - -22?
2101023231
In base 14, what is 92b + 48?
975
In base 8, what is 233 - 14016?
-13563
In base 6, what is 403 - 55?
304
In base 11, what is -528 + 1a8?
-330
In base 5, what is 2 + 3410334?
3410341
In base 6, what is -1 + -303153?
-303154
In base 14, what is -8bdc + 3?
-8bd9
In base 9, what is -757 + 205?
-552
In base 14, what is -2d5 - 11?
-306
In base 15, what is -b8 + 136e?
12a6
In base 2, what is 100 + -10110011111110?
-10110011111010
In base 16, what is -35 + -fa?
-12f
In base 9, what is -748 - -43?
-705
In base 16, what is 5b27 + -10?
5b17
In base 14, what is -28a2 - 91?
-2953
In bas